rs of 205732863?
3, 7, 3265601
List the prime factors of 1875973422.
2, 3, 281, 1112677
List the prime factors of 263336273.
17, 389, 39821
List the prime factors of 2999918623.
13, 4231, 54541
List the prime factors of 218968647.
3, 29, 59, 1471
List the prime factors of 119068608.
2, 3, 23, 59, 457
List the prime factors of 40695588.
2, 3, 376811
List the prime factors of 86817303.
3, 9646367
List the prime factors of 1599261688.
2, 4079, 49009
What are the prime factors of 59722484?
2, 29, 83, 6203
List the prime factors of 498311114.
2, 7, 35593651
List the prime factors of 21932331.
3, 281, 26017
List the prime factors of 837070778.
2, 113, 3703853
List the prime factors of 235145109.
3, 541, 144883
List the prime factors of 398373927.
3, 7, 47, 403621
What are the prime factors of 705912574?
2, 3697, 95471
List the prime factors of 197384809.
197384809
List the prime factors of 1003684873.
1003684873
List the prime factors of 5315408805.
3, 5, 7, 50622941
What are the prime factors of 171244603?
3011, 56873
List the prime factors of 562733892.
2, 3, 7, 248119
What are the prime factors of 547245160?
2, 5, 7, 11, 177677
List the prime factors of 120202748.
2, 31, 969377
List the prime factors of 252069271.
37, 41, 89, 1867
List the prime factors of 9657385.
5, 1931477
List the prime factors of 28291079.
28291079
List the prime factors of 2436564958.
2, 1319, 923641
What are the prime factors of 880605413?
227, 3879319
List the prime factors of 43624075.
5, 11, 158633
What are the prime factors of 20297935?
5, 7, 43, 13487
What are the prime factors of 28024046?
2, 43, 325861
List the prime factors of 211338147.
3, 1097, 64217
List the prime factors of 35301757.
23, 66733
What are the prime factors of 627312774?
2, 3, 11, 97, 97987
What are the prime factors of 3390515942?
2, 11, 31, 37, 134363
List the prime factors of 944608890.
2, 3, 5, 37, 83, 10253
What are the prime factors of 103011314?
2, 7, 101, 263, 277
What are the prime factors of 1154122507?
1154122507
List the prime factors of 59012967.
3, 13, 17, 89009
What are the prime factors of 334614763?
7, 241, 198349
What are the prime factors of 77825158?
2, 38912579
What are the prime factors of 295067163?
3, 881, 111641
List the prime factors of 83765731.
7, 337, 35509
What are the prime factors of 5583212344?
2, 31, 47, 478999
What are the prime factors of 21203643?
3, 7067881
List the prime factors of 3317812474.
2, 349, 4753313
List the prime factors of 431757386.
2, 215878693
List the prime factors of 74682292.
2, 17, 1098269
List the prime factors of 86344338.
2, 3, 1033, 13931
What are the prime factors of 3516369799?
29, 121254131
What are the prime factors of 61794111?
3, 1801, 11437
What are the prime factors of 275257753?
1367, 201359
List the prime factors of 702985803.
3, 13, 229, 78713
List the prime factors of 2512290416.
2, 29, 41, 132059
List the prime factors of 4223617.
4223617
List the prime factors of 13457849.
13457849
List the prime factors of 645092442.
2, 3, 41, 874109
List the prime factors of 50619006.
2, 3, 271, 1153
What are the prime factors of 100774905?
3, 5, 7, 11, 87251
What are the prime factors of 132850942?
2, 7, 37, 256469
List the prime factors of 2478577761.
3, 11, 167, 197, 761
List the prime factors of 3469381396.
2, 13, 5132221
What are the prime factors of 693700439?
693700439
What are the prime factors of 107003878?
2, 31, 1725869
List the prime factors of 767631734.
2, 31, 1549, 7993
List the prime factors of 220991933.
220991933
List the prime factors of 23906676.
2, 3, 1373, 1451
What are the prime factors of 2413094611?
23, 29, 53, 68261
What are the prime factors of 662218706?
2, 317, 1044509
List the prime factors of 716558828.
2, 541, 331127
List the prime factors of 25221460.
2, 5, 11, 114643
What are the prime factors of 486030188?
2, 7, 61, 284561
What are the prime factors of 642940568?
2, 383, 209837
List the prime factors of 382722533.
163, 2347991
What are the prime factors of 1920313557?
3, 17, 1297, 9677
List the prime factors of 6035088123.
3, 19, 29, 1216997
What are the prime factors of 20798738?
2, 10399369
List the prime factors of 79502050.
2, 5, 29, 54829
What are the prime factors of 159303441?
3, 11, 4827377
List the prime factors of 132809002.
2, 66404501
List the prime factors of 408577931.
408577931
What are the prime factors of 934632098?
2, 59, 7920611
List the prime factors of 20048685.
3, 5, 1336579
List the prime factors of 66237344.
2, 19, 108943
List the prime factors of 1404742.
2, 37, 41, 463
List the prime factors of 206947053.
3, 22994117
List the prime factors of 590347523.
3863, 152821
What are the prime factors of 130277879?
83, 18911
What are the prime factors of 8712936?
2, 3, 121013
What are the prime factors of 37506886?
2, 71, 264133
List the prime factors of 815199708.
2, 3, 17, 3996077
What are the prime factors of 223584070?
2, 5, 41, 109, 5003
What are the prime factors of 64591412?
2, 19, 619, 1373
What are the prime factors of 3114035870?
2, 5, 11, 31, 929, 983
List the prime factors of 1974801790.
2, 5, 13, 15190783
What are the prime factors of 168514542?
2, 3, 7, 443, 3019
List the prime factors of 85015722.
2, 3, 11, 1288117
List the prime factors of 368894516.
2, 23, 311, 12893
What are the prime factors of 85893079?
85893079
What are the prime factors of 76751476?
2, 19187869
What are the prime factors of 140466188?
2, 1531, 22937
What are the prime factors of 16946492?
2, 23, 167, 1103
List the prime factors of 429360880.
2, 5, 13, 313, 1319
List the prime factors of 400257698.
2, 200128849
List the prime factors of 771602227.
11, 71, 193, 5119
List the prime factors of 197704389.
3, 23, 1607, 1783
What are the prime factors of 8589901494?
2, 3, 23, 62245663
What are the prime factors of 71712277?
7, 13, 4663
List the prime factors of 1568856598.
2, 179, 4382281
What are the prime factors of 3192225342?
2, 3, 532037557
What are the prime factors of 71103884?
2, 67, 265313
List the prime factors of 466264094.
2, 3847, 60601
What are the prime factors of 581459276?
2, 79, 239, 7699
List the prime factors of 293504907.
3, 683, 143243
What are the prime factors of 1141191858?
2, 3, 190198643
What are the prime factors of 10930056?
2, 3, 455419
List the prime factors of 1784373438.
2, 3, 297395573
What are the prime factors of 166842393?
3, 3023, 18397
What are the prime factors of 362735605?
5, 37, 1960733
List the prime factors of 2692256472.
2, 3, 41, 61, 14951
What are the prime factors of 331435747?
331435747
What are the prime factors of 612808913?
612808913
List the prime factors of 514813519.
11, 157, 307, 971
List the prime factors of 618120424.
2, 77265053
What are the prime factors of 18138962?
2, 149, 60869
List the prime factors of 9268815.
3, 5, 109, 5669
What are the prime factors of 15900849?
3, 1766761
What are the prime factors of 1297065348?
2, 3, 36029593
List the prime factors of 387025032.
2, 3, 37, 435839
What are the prime factors of 1145277072?
2, 3, 7953313
List the prime factors of 139934790.
2, 3, 5, 172759
What are the prime factors of 9882655?
5, 719, 2749
What are the prime factors of 106696135?
5, 7, 13, 421, 557
What are the prime factors of 527101090?
2, 5, 52710109
List the prime factors of 340924787.
7, 4583, 10627
List the prime factors of 55715315.
5, 19, 23, 43, 593
What are the prime factors of 48396225?
3, 5, 59, 10937
What are the prime factors of 29341458?
2, 3, 281, 5801
List the prime factors of 4652203071.
3, 271, 5722267
List the prime factors of 80278832.
2, 23, 218149
List the prime factors of 9969734.
2, 47, 67, 1583
List the prime factors of 2786968775.
5, 6691, 16661
What are the prime factors of 749574314?
2, 179, 2093783
List the prime factors of 928577173.
443, 2096111
What are the prime factors of 236276968?
2, 37, 53, 15061
List the prime factors of 3951712639.
7, 23, 24544799
What are the prime factors of 12530969?
11, 101, 11279
What are the prime factors of 413311704?
2, 3, 13, 1324717
List the prime factors of 139190974.
2, 13, 5353499
List the prime factors of 2323787712.
2, 3, 283, 42767
List the prime factors of 1121713415.
5, 223, 1006021
List the prime factors of 145837245.
3, 5, 9722483
List the prime factors of 1